+ 1. Let m(k) = 11*g(k) + 6*j(k). Calculate the remainder when p is divided by m(4).
12
Let f = -63 - -87. Calculate the remainder when 92 is divided by f.
20
Let y = 8 - 1. Suppose -r + 3 = -18. Suppose 0 = c + 2*x - r, -15 = -c + 5*x - x. Calculate the remainder when c is divided by y.
5
Let y = 46 + -35. What is the remainder when 130 is divided by y?
9
Let k(f) = 2*f**2 - 3*f + 1. What is the remainder when 17 is divided by k(2)?
2
Suppose 1 = 4*s - 7, f = -3*s + 22. Suppose 2*v - 86 = -c, 4*v = 2*v + 3*c + 102. Calculate the remainder when v is divided by f.
13
Suppose 3*f - k = -6*k + 78, k = -3. What is the remainder when f is divided by 16?
15
Suppose 0 = -4*c + 10 + 2. Suppose c*z + 0*z = 30. Let n(j) = 4*j - 8. What is the remainder when n(z) is divided by 11?
10
Let r(q) = 2*q**2 + 3*q + 2. Let v be r(-2). Let x be ((-2 + 0)*v)/(-2). Let c(f) = -f**3 + 4*f**2 + 4*f + 3. What is the remainder when c(x) is divided by 10?
9
Let m(a) = 13*a**2 + a + 1. Let c be m(-1). Suppose -c = -4*r + 31. Calculate the remainder when -3*(128/(-6))/2 is divided by r.
10
Suppose -3*j + 179 = 143. Let d = 1 + -2. What is the remainder when (33/d)/(-1 - 0) is divided by j?
9
Suppose -5*t = -l - 8, 0 = 2*l + 2*t - 5 - 3. Let q(v) = 2*v**2 - 2*v - 1. Let g be q(l). Suppose 10 = -c + g*c. Calculate the remainder when 8 is divided by c.
3
Let h = -95 - -226. Suppose -5*x - 26 = -h. Let v = 25 + -14. What is the remainder when x is divided by v?
10
Let m = -83 - -178. What is the remainder when m is divided by 20?
15
Calculate the remainder when 22 is divided by 3/((-1)/5*(-20)/8).
4
Suppose -29 = -3*h + f, 5*h - 6*f + f = 55. What is the remainder when 33 is divided by h?
6
Suppose -3*n = 2*t - 50, -t + n = 2*t - 64. Let f = -8 - -16. What is the remainder when t is divided by f?
6
Suppose 4*v - 28 = 32. What is the remainder when 42 is divided by v?
12
Let q be (9/(-6))/(12/(-488)). Suppose q = 5*k - 79. What is the remainder when k is divided by 6?
4
Let g(m) = m + 10. Calculate the remainder when 49 is divided by g(16).
23
Let b = 61 + -9. What is the remainder when b is divided by 11?
8
Suppose 3*d = -2*a + 35, d - 107 = -5*a - 0*d. Let y be 0 + 0 + -2 - -2. Suppose 3*v - 32 - 4 = y. Calculate the remainder when a is divided by v.
10
Let o(a) = a**3 + 6*a**2 + 6*a + 2. Calculate the remainder when o(-4) is divided by 81/(-18)*(-4)/3.
4
Let q = 18 - 7. Suppose s - q = 10. What is the remainder when 40 is divided by s?
19
Suppose 5*j + 2*b - 17 = 0, -j + b = -2*b - 17. Calculate the remainder when 18 is divided by j.
3
Let f = -22 + 27. Calculate the remainder when f is divided by 2.
1
Let u(m) = m**3 + 4*m**2 + 5*m + 3. Let s be u(-3). Let x be 3/(s/26*-1). Let j = 62 - x. What is the remainder when j is divided by 13?
10
Let k = 2 - 0. Let r = k + 21. Calculate the remainder when 89 is divided by r.
20
Suppose -3*o = 6, -i + 1 = 4*o + 10. Let v = i + 6. What is the remainder when (-4 - -2)*-1 + 11 is divided by v?
3
Suppose -h - 1 + 3 = 0. Suppose 95 = h*a + 3*a. Calculate the remainder when 55 is divided by a.
17
Calculate the remainder when -302*(3 - 35/10) is divided by 14.
11
Suppose v - 4 = 12. What is the remainder when 61 is divided by v?
13
Let r = 5 + 4. Let n = 15 - r. Calculate the remainder when 23 is divided by n.
5
Let j = -9 + 22. Suppose k = 4 + j. Suppose 0*d - 10 = -2*d - 4*o, 3*d + 4*o - 19 = 0. Calculate the remainder when k is divided by d.
8
Suppose 74 + 4 = 6*t. Let u(h) be the second derivative of h**5/20 - 5*h**4/12 + h**2/2 + 2*h. What is the remainder when u(6) is divided by t?
11
Let h = -2745 + 1680. Let p be h/(-18) + 1/(-6). Let n = p + -33. Calculate the remainder when n is divided by 9.
8
Let g(f) = f**3 - 3*f**2 - 4*f + 2. Let c be g(5). Let x be 1/((-9)/(-6))*6. Suppose -x*q = -0*q - c. Calculate the remainder when q is divided by 3.
2
Suppose 157 = 3*f + 25. What is the remainder when f is divided by (-46)/(1/(3/(-6)))?
21
Suppose 2*z - 3*z + 97 = -n, 0 = -5*z + n + 477. What is the remainder when z is divided by 14?
11
Suppose -52 = -4*l + 4*r, 4*r = -2*l + 1 - 5. Let f = -1 + 3. Suppose -22 = b - f*b. What is the remainder when b is divided by l?
6
Let m(h) = -2 - h**3 - h**2 + 8*h**2 - 8*h**2 + 2*h**3 + 2*h. Calculate the remainder when 17 is divided by m(2).
5
Suppose 2*p = -2*p + 148. What is the remainder when p is divided by 10?
7
Let y = -4 - -7. Let v = y - -2. Calculate the remainder when 14 is divided by v.
4
Let w = 38 + -15. Calculate the remainder when 89 is divided by w.
20
Calculate the remainder when 100/(5 + -4)*1 is divided by 51.
49
Let f(n) = 9*n**2 - 4*n. Let a be f(3). Suppose 0 = 5*z + m - a, 3*z - 4*m + 42 = 5*z. What is the remainder when 36 is divided by z?
10
Suppose 5*u + 50 = 10*u. What is the remainder when u is divided by (1 + 5)*8/16?
1
Let p be 95/(-15) - 2/3. Let r(c) = c**2 + 6*c + 10. Suppose 0 = 3*z - 5*b - 2, 0 = -z - b + 18 - 4. Calculate the remainder when r(p) is divided by z.
8
Calculate the remainder when 40 is divided by (-66)/(-3)*(-3)/(-6).
7
Let i be 34/(-8) - 6/8. Let o = i - -17. What is the remainder when 34 is divided by o?
10
Let r = -10 - -18. Suppose r = 3*j - 4. Suppose j*s - 90 = s. What is the remainder when s is divided by 16?
14
Let n(a) = -24*a + 4. Let g be n(-4). Suppose -3*p = 2*p - g. What is the remainder when p is divided by 128/12 + 2/6?
9
Suppose -5*i + 4*i + 7 = 0. Calculate the remainder when i is divided by 2 - (4 - 5)*3.
2
Let y = -1 + 1. Suppose -2*w + y*w = -16. Suppose 4*t - 96 = 2*i, t - 4*t + 73 = -2*i. Calculate the remainder when t is divided by w.
7
Let v = 22 - 12. Let a = v + -2. Calculate the remainder when 14 is divided by a.
6
Let t(v) be the third derivative of v**6/120 - v**5/15 + v**4/8 - 2*v**3/3 + 5*v**2. Calculate the remainder when 29 is divided by t(4).
5
Let n = 118 - 105. What is the remainder when 115 is divided by n?
11
Let j be (-30)/9*(-24)/20. Suppose j*s - 12 = -0. Calculate the remainder when 13 is divided by s.
1
Let s = 0 - -5. Suppose -5*w = -5, 6*w - 3*w + 42 = s*y. Let r = 1 - -4. Calculate the remainder when y is divided by r.
4
Suppose 3*b - 2*b = 8. Suppose -3*t + 3 = 3*w, -5*w - 2 = -t + 5. What is the remainder when b is divided by t - (-1 - 0) - -2?
3
Let y(v) = -v**3 - 3*v**2 - 2*v - 2. Let t be y(-3). Suppose 0 = 2*j + 2, 5*n - t*j - 107 - 187 = 0. Calculate the remainder when n is divided by 15.
13
Let s = 4 - -4. Calculate the remainder when 2/(-5) + 231/15 is divided by s.
7
Let k be 0/(-2) + 0 - -2. Let v = -2 - -6. Calculate the remainder when 15/3 - k - -4 is divided by v.
3
Let o be 0*(-3)/(-6) + 0. Suppose o = 5*q + 20, -4*h = -0*q - 5*q - 28. Calculate the remainder when 16 is divided by 0/h - (-5 - 4).
7
Let d(y) = y**3 + 10*y**2 - 12*y - 6. Let l be d(-11). What is the remainder when l - (-1 - (-4 - -2)) is divided by 1 - -2*(-1)/(-2)?
0
Suppose -3*b + 0*b - 3 = 0, 5*i + b = 124. Suppose 3*x - 35 - i = 0. Calculate the remainder when 39 is divided by x.
19
Suppose -1 = 2*u - 5. Suppose 3*r = -u*r + 435. Let p = r - 55. What is the remainder when p is divided by 11?
10
Suppose n - 3*f = -10, 4*f - 5 = 5*n - 2*n. Let l(o) = o**2 + 5*o - 5. Let h be l(-7). Calculate the remainder when n is divided by (-10)/(-6) + 3/h.
1
Suppose -2*g + 4*d - 37 = -7*g, 7 = -g + 4*d. Suppose 0 = -4*b - 0*b - 24. What is the remainder when 22 is divided by 2*g/((-5)/b)?
10
Suppose -2*p + p = -44. Suppose 2*z - 6*z = -p. Calculate the remainder when z is divided by 4.
3
Suppose -z + 2*z = 5. Suppose -z*w + w = -84. Suppose 8 = 5*m - 47. What is the remainder when w is divided by m?
10
Let g(k) = -5*k**3 + k**2 - 1. Let j be g(-1). Suppose -2*a + 4*b + 178 = 0, -4*a = -9*a + j*b + 435. Calculate the remainder when a is divided by 22.
19
Let a be 4/18 + (-146)/9. Let k = 69 + -46. What is the remainder when k is divided by (2 - 3)/(2/a)?
7
Calculate the remainder when 27 is divided by (0 + -1)*((-10)/1 + 0).
7
Let x = -84 + 102. Calculate the remainder when x is divided by 5.
3
Let b = -118 - -223. Calculate the remainder when b is divided by 12/21 - 555/(-21).
24
Let b be (17/3)/((-2)/6). Let x = -13 - b. Suppose 3*t = t + 30. What is the remainder when t is divided by x?
3
Suppose -2*a + 6*q + 14 = q, -4*a - 5*q 